e greatest common factor of s and 288?
18
Let n = 3099 - 3047. Calculate the greatest common divisor of n and 3328.
52
Suppose 416 = -18*w + 2433 + 755. Let u = -3 + 25. What is the greatest common factor of u and w?
22
Suppose 3*w = -5*f + 35, f + 6 = 4*w - 2*w. What is the highest common factor of 200 and w?
5
Let b(o) = -o**2 - 10*o - 13. Let c be b(-7). Suppose -4*j - 4 = c. Let z = j - -6. Calculate the highest common divisor of 24 and z.
3
Let h(m) = 7*m - 3. Let c(s) = 14*s - 6. Let t(d) = 3*c(d) - 5*h(d). Let p be t(4). What is the greatest common divisor of p and 10?
5
Suppose -125 = -b - 4*b + 5*y, 4*b = -2*y + 112. Suppose -o = -3*a - b, 2*o + 43 = 6*o + a. What is the greatest common factor of 18 and o?
6
Let q = 686 - 674. What is the highest common divisor of q and 366?
6
Suppose -2*m + 180 = 3*k - 2335, -4*k - 5*m + 3344 = 0. Calculate the greatest common divisor of 29 and k.
29
Suppose 3 = 4*j - 13. Let f be -3*(j + 0 + -13). What is the greatest common divisor of f and 216?
27
Let a be (-354)/(-13) - 42/182. Let r(v) = -v**3 - 2*v**2 + 2 - 9 - v**2 - 3*v + 8*v. Let p be r(-5). What is the greatest common factor of p and a?
9
Let v(p) = -p**3 + p**2 + 11*p + 6. Let y be v(4). What is the greatest common divisor of y and 154?
2
Let q = -545 + 788. Let u be 3*5/30 + 53/2. What is the greatest common divisor of u and q?
27
Let k(c) = 2*c**2 - 2*c - 36. Let s be k(-6). Suppose 2*g - s + 26 = 0. Calculate the greatest common divisor of g and 77.
11
Let u be (((-56)/12)/1)/((-8)/132). Calculate the highest common divisor of 66 and u.
11
Let d(b) = -b**3 + b + 78. Let q be d(0). What is the highest common divisor of 26 and q?
26
Let i be 14 - (3 - (-3 - -11)). What is the greatest common divisor of 171 and i?
19
Suppose 0 = u - 9 - 3. Let y be 2*-3 - (-31 + 13). What is the greatest common factor of u and y?
12
Suppose 0 = 6*u + 465 - 585. What is the highest common divisor of 60 and u?
20
Let z be (-494)/(-14) + (-28)/98. Calculate the greatest common factor of 40 and z.
5
Suppose -5*r = -q + 2*q + 5, -r = 3*q + 1. Suppose 2*l + q*h = 2*h + 34, -2*h + 92 = 4*l. What is the greatest common divisor of 7 and l?
7
Let s be (-416)/(-6) - 12/(-18). What is the highest common factor of s and 210?
70
Let r = 4 - -5. Suppose -162 = -r*d + 6*d. Calculate the greatest common divisor of d and 324.
54
Suppose -10*g = -7*g. Suppose g = -i + t + 56, -i + 32 + 30 = 5*t. Suppose -5*r + 0*r - j = -i, r + j - 9 = 0. Calculate the greatest common factor of 12 and r.
12
Let a(r) = -2*r**3 + 39*r**2 + 70*r - 28. Let c be a(21). What is the greatest common factor of 7 and c?
7
Suppose 4*i - 2*q - 84 = 0, 4*i + 5 = -2*q + 97. Let h(z) = 2*z**2 + 4*z - 16. Let f be h(7). Calculate the greatest common factor of f and i.
22
Suppose 4*a - t + 5*t = 864, -2*t + 1068 = 5*a. Let c = -13 + 18. Suppose -a + 62 = -c*m. What is the greatest common divisor of 12 and m?
6
Let y be (-12)/(-8) + (-2)/4. Suppose 39*c - 8 = 37*c. Calculate the highest common factor of c and y.
1
Suppose 49*v - 442 = 36*v. Calculate the highest common divisor of 578 and v.
34
Let q = 17 + -39. Let k be ((-10)/(-4))/((-11)/q). Let w be -6 - -4 - -2*6. What is the greatest common factor of w and k?
5
Suppose 5*q - 3*b + 18222 = 8*q, 4*q = 5*b + 24269. What is the highest common divisor of 13 and q?
13
Let g(m) = -8*m - 68. Let o(f) = 13*f + 1. Let c be o(-1). Let r be g(c). Calculate the highest common factor of r and 28.
28
Let t = 2023 + -1993. Calculate the greatest common divisor of t and 1425.
15
Let m = 152 - -28. What is the highest common divisor of 45 and m?
45
Suppose -3*m + 3*o - 12 + 3 = 0, -4*m - 2*o + 6 = 0. Let q(a) = -2 + 22 + 15 - 4 - a. Let n be q(m). Calculate the highest common factor of n and 279.
31
Suppose 4*h - 4*g = 752, 3*g + 1017 = 4*h + 264. What is the highest common factor of h and 7?
7
Let u be -2*(330/(-88) + 1/4). What is the highest common divisor of 203 and u?
7
Let c = 11 - 6. Suppose 3*l - 42 = 3*s, -1 = -c*s + 9. What is the highest common divisor of 40 and l?
8
Let k = -617 - -740. Calculate the highest common factor of 246 and k.
123
Suppose f + f + 5*t = 22, -2*t = 4*f - 28. Suppose -8*a + 130 = -f*a. Calculate the highest common divisor of a and 26.
13
Let k(c) = -c**2 + 9*c - 5. Let d be k(5). Suppose 30 = y - d. Suppose -5*f - 4*g + y = -0, 2*g = 0. Calculate the greatest common divisor of 9 and f.
9
Let s(n) = n**2 - 7*n - 8. Let h be s(8). Let v be 5 - 4 - (1 - h). Suppose 5*q + 0*q - 135 = v. What is the greatest common divisor of 216 and q?
27
Let i = 53 - 34. Suppose i - 78 = -o. Let v = o + 51. What is the greatest common factor of v and 11?
11
Suppose -267 = -18*t + 68 + 583. Let g be 0 + 0/2 + 17. Calculate the highest common factor of t and g.
17
Suppose 2*h = -0*h + 10. Suppose 10 + h = 3*o. Suppose 5*b - 29 = -2*i, 0 = -b + i + 4*i - o. What is the highest common factor of b and 40?
5
Let y(q) = -q**3 - 55*q**2 - 111*q - 215. Let v be y(-53). What is the highest common divisor of v and 925?
25
Suppose 47*f - 1550 = 45*f. What is the greatest common factor of 25 and f?
25
Let b(n) = 16*n**2 - 9*n - 10. Let o be b(-1). Let d be 447/o + (-1)/(-5). Calculate the highest common divisor of 6 and d.
6
Let y be 165*4/28*7. What is the greatest common divisor of 33 and y?
33
Let s = -6 + 9. Let n = 2 + s. Suppose 0 = 3*o - 38 + n. What is the greatest common divisor of o and 11?
11
Let f be (-8 - -12)/(1/9). Let r be 10/4*4 + -1. What is the highest common divisor of r and f?
9
Suppose -3*n = 3*l - 198, l + 6 - 2 = 0. Let i be 28/n + (-136)/(-10). Let j(k) = -k + 14. Let q be j(0). What is the highest common factor of q and i?
14
Let n(p) = -p**2 + 71*p - 597. Let l be n(53). What is the greatest common factor of 105 and l?
21
Let h(v) = -26*v**2 - 134*v - 10. Let k be h(-5). Let o(u) = u**2 + 2*u - 1. Let p be o(-3). Calculate the greatest common divisor of p and k.
2
Suppose 142 - 37 = 7*n. Let s(i) = 12*i. Let r be s(-1). Let o = n + r. What is the highest common divisor of o and 2?
1
Suppose -3*x - 1383 = -0*x. Let t = -146 - x. Suppose 14*d - 1015 = -15*d. What is the greatest common divisor of t and d?
35
Let n be 1/4*(-24)/(-3). Suppose -3*d - 19 - 6 = -5*q, 5*q - 50 = -n*d. Let i = -5 + q. Calculate the greatest common factor of 33 and i.
3
Let y(p) = -2*p + 16*p**2 + 5*p + 10 + 8*p**2. Let u be y(-3). What is the highest common divisor of u and 31?
31
Suppose -9*y + 25732 = -6884. What is the greatest common factor of y and 24?
24
Suppose c + 5*l + 76 = 0, -2*c = -l + 5*l + 128. Let d be c/4 + -2 + -2. Let p = 41 + d. Calculate the greatest common divisor of 115 and p.
23
Let t be 0 + 23 - (-4)/((-3)/3). Let s(f) = -2*f - 4. Let c be s(-4). Suppose -c*b = -72 - 4. What is the highest common factor of b and t?
19
Suppose -60 = -5*f + 3*l, 0*f + 2*l + 55 = 5*f. Let n = 146 - 83. Calculate the highest common divisor of n and f.
9
Suppose 385 = 2*a + 3*a. Let o = 36 - 58. Let w = o + a. Calculate the highest common divisor of 11 and w.
11
Let f be (180/(-105))/(-1 + 151/154). Let v be 108/14 - (-2)/7. What is the greatest common divisor of v and f?
8
Let o be ((10 + -8)/((-1)/2))/(-2). Suppose -3*b - 5 = -n, -5*n + 117 - o = 3*b. Calculate the greatest common divisor of n and 50.
10
Let c = -294 - -307. Calculate the greatest common divisor of 13 and c.
13
Let p = 2675 + -1875. Calculate the highest common factor of p and 32.
32
Let p(l) = l**3 + 21*l**2 - l + 15. Let v be p(-21). Calculate the greatest common factor of v and 162.
18
Let a = -15 - -14. Let f = 8 - a. Calculate the highest common divisor of f and 117.
9
Let v = 29 - 30. Let q(o) = -5*o**3 + o**2 + 2*o + 1. Let s be q(v). What is the highest common factor of s and 1?
1
Let s(u) = -u**3 - 2*u**2 + 2*u + 6. Let y be s(0). Let l be (-60)/(-18)*y/4. Calculate the highest common divisor of l and 1.
1
Suppose 2*v - 2*s + 0*s = 232, v - 118 = -s. Calculate the greatest common factor of v and 9.
9
Let a = 22 + 41. What is the highest common factor of a and 14?
7
Suppose 77*k - 23*k - 22140 = 0. What is the highest common factor of 20 and k?
10
Suppose 16*o - 182 = -22. Suppose -3*x - 38 = -248. What is the greatest common factor of o and x?
10
Let d be (14 - 13) + 11*1. Let k be 45